{"id":4470,"date":"2011-08-08T19:49:01","date_gmt":"2011-08-09T00:19:01","guid":{"rendered":"http:\/\/fotoggrafica.com\/fotobill\/?page_id=4470"},"modified":"2023-10-13T18:58:44","modified_gmt":"2023-10-13T22:58:44","slug":"modelaje-2","status":"publish","type":"page","link":"https:\/\/fotografismos.com\/fotobill\/?page_id=4470","title":{"rendered":"Modelaje"},"content":{"rendered":"<p>Portafolios, Books y Sesiones de Modelaje en Estudio y en Exteriores. Enalteciendo nuestra belleza Venezolana, en FotoGr\u00e1fic@ aportamos estos portafolios, para que puedas evaluar y contratarnos, para resaltar la im\u00e1gen de t\u00fa Empresa y\/o Producto.<\/p>\n<p>Visita algunos de nuestros Portafolios sin editar de Modelaje en <a href=\"http:\/\/www.fotografismos.com\/modelaje.htm\" target=\"_blank\" rel=\"noopener\">Modelaje de FotoGr\u00e1fic@<\/a>.<\/p>\n","protected":false},"excerpt":{"rendered":"<p>Portafolios, Books y Sesiones de Modelaje en Estudio y en Exteriores. Enalteciendo nuestra belleza Venezolana, en FotoGr\u00e1fic@ aportamos estos portafolios, para que puedas evaluar y contratarnos, para resaltar la im\u00e1gen de t\u00fa Empresa y\/o Producto. Visita algunos de nuestros Portafolios &hellip; <a href=\"https:\/\/fotografismos.com\/fotobill\/?page_id=4470\">Sigue leyendo <span class=\"meta-nav\">&rarr;<\/span><\/a><\/p>\n","protected":false},"author":4,"featured_media":0,"parent":4306,"menu_order":7,"comment_status":"closed","ping_status":"closed","template":"","meta":{"footnotes":""},"class_list":["post-4470","page","type-page","status-publish","hentry"],"_links":{"self":[{"href":"https:\/\/fotografismos.com\/fotobill\/index.php?rest_route=\/wp\/v2\/pages\/4470","targetHints":{"allow":["GET"]}}],"collection":[{"href":"https:\/\/fotografismos.com\/fotobill\/index.php?rest_route=\/wp\/v2\/pages"}],"about":[{"href":"https:\/\/fotografismos.com\/fotobill\/index.php?rest_route=\/wp\/v2\/types\/page"}],"author":[{"embeddable":true,"href":"https:\/\/fotografismos.com\/fotobill\/index.php?rest_route=\/wp\/v2\/users\/4"}],"replies":[{"embeddable":true,"href":"https:\/\/fotografismos.com\/fotobill\/index.php?rest_route=%2Fwp%2Fv2%2Fcomments&post=4470"}],"version-history":[{"count":15,"href":"https:\/\/fotografismos.com\/fotobill\/index.php?rest_route=\/wp\/v2\/pages\/4470\/revisions"}],"predecessor-version":[{"id":121750,"href":"https:\/\/fotografismos.com\/fotobill\/index.php?rest_route=\/wp\/v2\/pages\/4470\/revisions\/121750"}],"up":[{"embeddable":true,"href":"https:\/\/fotografismos.com\/fotobill\/index.php?rest_route=\/wp\/v2\/pages\/4306"}],"wp:attachment":[{"href":"https:\/\/fotografismos.com\/fotobill\/index.php?rest_route=%2Fwp%2Fv2%2Fmedia&parent=4470"}],"curies":[{"name":"wp","href":"https:\/\/api.w.org\/{rel}","templated":true}]}}