{"id":4446,"date":"2011-08-08T12:40:28","date_gmt":"2011-08-08T17:10:28","guid":{"rendered":"http:\/\/fotoggrafica.com\/fotobill\/?page_id=4446"},"modified":"2023-05-25T16:08:42","modified_gmt":"2023-05-25T20:08:42","slug":"contacto","status":"publish","type":"page","link":"https:\/\/fotografismos.com\/fotobill\/?page_id=4446","title":{"rendered":"Contacto"},"content":{"rendered":"<p style=\"text-align: justify;\">Gracias por considerarnos una opci\u00f3n adicional con qui\u00e9n consultar y contar para tus trabajos de Im\u00e1gen Fotogr\u00e1fica. Agradecidos por seleccionarnos como sus Fot\u00f3grafos de Confianza.<\/p>\n<p style=\"text-align: justify;\">Favor no dude en contactarnos para cualquier pregunta, comentario o sugerencia. Pronto le atenderemos. Gracias.<\/p>\n<p><strong>Llame al<\/strong>:\u00a0 \u00a0\u00a0\u00a0\u00a0\u00a0\u00a0\u00a0\u00a0\u00a0\u00a0\u00a0\u00a0\u00a0\u00a0\u00a0\u00a0\u00a0\u00a0\u00a0\u00a0\u00a0\u00a0\u00a0\u00a0\u00a0\u00a0\u00a0\u00a0\u00a0\u00a0\u00a0\u00a0\u00a0\u00a0\u00a0\u00a0\u00a0\u00a0\u00a0\u00a0\u00a0\u00a0\u00a0\u00a0\u00a0\u00a0\u00a0\u00a0\u00a0\u00a0\u00a0\u00a0\u00a0\u00a0 \u00a0 \u00a0 \u00a0 \u00a0 \u00a0 \u00a0 \u00a0 \u00a0\u00a0\u00a0 <strong>Correo:<\/strong><\/p>\n<ul>\n<li>++58.414.3689035\u00a0 \u00a0 \u00a0 \u00a0 \u00a0 \u00a0 \u00a0 \u00a0 \u00a0 \u00a0 \u00a0 \u00a0 \u00a0 \u00a0 \u00a0 \u00a0 \u00a0 \u00a0 \u00a0 \u00a0 \u00a0 \u00a0 \u00a0 \u00a0 \u00a0 \u00a0 \u00a0 \u00a0 partgio@hotmail.com<\/li>\n<li>++58.424.6140410\u00a0 \u00a0 \u00a0 \u00a0 \u00a0 \u00a0 \u00a0 \u00a0 \u00a0 \u00a0 \u00a0 \u00a0 \u00a0 \u00a0 \u00a0 \u00a0 \u00a0 \u00a0 \u00a0 \u00a0 \u00a0 \u00a0 \u00a0 \u00a0 \u00a0 \u00a0 \u00a0 \u00a0 partgio@gmail.com<\/li>\n<\/ul>\n<p>o visite nuestra p\u00e1gina Oficial de <a href=\"http:\/\/www.fotografismos.com\/fotobill\">FotoGr\u00e1fic@<\/a>.<\/p>\n","protected":false},"excerpt":{"rendered":"<p>Gracias por considerarnos una opci\u00f3n adicional con qui\u00e9n consultar y contar para tus trabajos de Im\u00e1gen Fotogr\u00e1fica. Agradecidos por seleccionarnos como sus Fot\u00f3grafos de Confianza. Favor no dude en contactarnos para cualquier pregunta, comentario o sugerencia. Pronto le atenderemos. Gracias. &hellip; <a href=\"https:\/\/fotografismos.com\/fotobill\/?page_id=4446\">Sigue leyendo <span class=\"meta-nav\">&rarr;<\/span><\/a><\/p>\n","protected":false},"author":4,"featured_media":0,"parent":4435,"menu_order":5,"comment_status":"closed","ping_status":"closed","template":"","meta":{"footnotes":""},"class_list":["post-4446","page","type-page","status-publish","hentry"],"_links":{"self":[{"href":"https:\/\/fotografismos.com\/fotobill\/index.php?rest_route=\/wp\/v2\/pages\/4446","targetHints":{"allow":["GET"]}}],"collection":[{"href":"https:\/\/fotografismos.com\/fotobill\/index.php?rest_route=\/wp\/v2\/pages"}],"about":[{"href":"https:\/\/fotografismos.com\/fotobill\/index.php?rest_route=\/wp\/v2\/types\/page"}],"author":[{"embeddable":true,"href":"https:\/\/fotografismos.com\/fotobill\/index.php?rest_route=\/wp\/v2\/users\/4"}],"replies":[{"embeddable":true,"href":"https:\/\/fotografismos.com\/fotobill\/index.php?rest_route=%2Fwp%2Fv2%2Fcomments&post=4446"}],"version-history":[{"count":20,"href":"https:\/\/fotografismos.com\/fotobill\/index.php?rest_route=\/wp\/v2\/pages\/4446\/revisions"}],"predecessor-version":[{"id":126827,"href":"https:\/\/fotografismos.com\/fotobill\/index.php?rest_route=\/wp\/v2\/pages\/4446\/revisions\/126827"}],"up":[{"embeddable":true,"href":"https:\/\/fotografismos.com\/fotobill\/index.php?rest_route=\/wp\/v2\/pages\/4435"}],"wp:attachment":[{"href":"https:\/\/fotografismos.com\/fotobill\/index.php?rest_route=%2Fwp%2Fv2%2Fmedia&parent=4446"}],"curies":[{"name":"wp","href":"https:\/\/api.w.org\/{rel}","templated":true}]}}