{"id":4335,"date":"2011-08-07T20:42:43","date_gmt":"2011-08-08T01:12:43","guid":{"rendered":"http:\/\/fotoggrafica.com\/fotobill\/?page_id=4335"},"modified":"2022-02-22T16:19:20","modified_gmt":"2022-02-22T20:19:20","slug":"mision-2","status":"publish","type":"page","link":"https:\/\/fotografismos.com\/fotobill\/?page_id=4335","title":{"rendered":"Misi\u00f3n"},"content":{"rendered":"<p style=\"text-align: justify;\">\u00abServirle a nuestros clientes como proveedores de su Im\u00e1gen Personal \u00f3 Corporativa para que cumplan con sus objetivos y documenten sus memorias o trabajos con im\u00e1genes de Alta Calidad suministrados por <a href=\"http:\/\/www.fotografismos.com\/fotografica.htm\">FotoGr\u00e1fic@<\/a>, logrando as\u00ed la m\u00e1xima satisfacci\u00f3n y productividad para ambos, preservando siempre nuestro Mundo de Vida.<\/p>\n<p><strong>Principios b\u00e1sicos de <a href=\"http:\/\/www.fotografismos.com\">FotoGr\u00e1fic@<\/a>: <\/strong><\/p>\n<ul>\n<li style=\"text-align: justify;\">Queremos clientes satisfechos. Por eso la Alta Calidad de las Im\u00e1genes que producimos y nuestros servicios son los m\u00e1ximos estandartes.<\/li>\n<\/ul>\n<ul>\n<li style=\"text-align: justify;\">Qui\u00e9n marca nuestra medida de Calidad es el cliente. Su juicio sobre la Im\u00e1gen y el Servicio es decisivo.<\/li>\n<\/ul>\n<ul>\n<li style=\"text-align: justify;\">Nuestros relojes est\u00e1n sincronizados con los de los clientes, por eso nuestras presencia, entregas y servicios tienen que ser puntuales.<\/li>\n<\/ul>\n<ul>\n<li style=\"text-align: justify;\">Cada colaborador desde su puesto de trabajo contribuye a hacer realidad nuestras metas de calidad y productividad. Por eso todos debemos realizar un trabajo profesional e impecable. Qui\u00e9n advierta riesgos en nuestra calidad o productividad y no pueda subsanarlo dentro de sus facultades, lo escalar\u00e1 inmediatamente a sus colaboradores con m\u00e1s experiencia o a qui\u00e9n tenga m\u00e1s facultades para asumir el riesgo.<\/li>\n<\/ul>\n<ul>\n<li style=\"text-align: justify;\">Todo trabajo debe hacerse correctamente desde el principio. Si se act\u00faa as\u00ed, no s\u00f3lo se mejora la calidad, sino que se reducen tambi\u00e9n los costos y el tiempo de entrega. Esto beneficiar\u00e1 a todos, principalmente a nuestros clientes, \u00abNuestra raz\u00f3n de ser\u00bb.<\/li>\n<\/ul>\n<ul>\n<li style=\"text-align: justify;\">Hay que eliminar no solo los defectos, sino tambi\u00e9n las causas que los generaron.<\/li>\n<\/ul>\n<ul>\n<li style=\"text-align: justify;\">Nuestras directrices son importantes, pero debemos tener en cuenta las exigencias adicionales de nuestros clientes.<\/li>\n<\/ul>\n<ul>\n<li style=\"text-align: justify;\">La honradez y honestidad ante cualquier negocio y\/o beneficio personal.<\/li>\n<\/ul>\n<ul>\n<li style=\"text-align: justify;\">El respeto entre Colaboradores, Clientes, Proveedores y quienes y que nos\u00a0 rod\u00e9a es la f\u00f3rmula principal de nuestras relaciones y las buenas costumbres.<\/li>\n<\/ul>\n<ul>\n<li style=\"text-align: justify;\">Fomentar un sano y armonioso ambiente de trabajo, para el logro de la misi\u00f3n de <a href=\"http:\/\/www.fotografismos.com\">FotoGr\u00e1fic@<\/a>, respetando.<\/li>\n<\/ul>\n<ul>\n<li>Cuidar y preservar\u00a0 nuestro Medio Ambiente, para un Mundo mejor y posible.<\/li>\n<\/ul>\n<p><em><strong>Giovanni Partipilo<br \/>\n<\/strong><\/em><\/p>\n","protected":false},"excerpt":{"rendered":"<p>\u00abServirle a nuestros clientes como proveedores de su Im\u00e1gen Personal \u00f3 Corporativa para que cumplan con sus objetivos y documenten sus memorias o trabajos con im\u00e1genes de Alta Calidad suministrados por FotoGr\u00e1fic@, logrando as\u00ed la m\u00e1xima satisfacci\u00f3n y productividad para &hellip; <a href=\"https:\/\/fotografismos.com\/fotobill\/?page_id=4335\">Sigue leyendo <span class=\"meta-nav\">&rarr;<\/span><\/a><\/p>\n","protected":false},"author":4,"featured_media":0,"parent":4435,"menu_order":0,"comment_status":"closed","ping_status":"closed","template":"","meta":{"footnotes":""},"class_list":["post-4335","page","type-page","status-publish","hentry"],"_links":{"self":[{"href":"https:\/\/fotografismos.com\/fotobill\/index.php?rest_route=\/wp\/v2\/pages\/4335","targetHints":{"allow":["GET"]}}],"collection":[{"href":"https:\/\/fotografismos.com\/fotobill\/index.php?rest_route=\/wp\/v2\/pages"}],"about":[{"href":"https:\/\/fotografismos.com\/fotobill\/index.php?rest_route=\/wp\/v2\/types\/page"}],"author":[{"embeddable":true,"href":"https:\/\/fotografismos.com\/fotobill\/index.php?rest_route=\/wp\/v2\/users\/4"}],"replies":[{"embeddable":true,"href":"https:\/\/fotografismos.com\/fotobill\/index.php?rest_route=%2Fwp%2Fv2%2Fcomments&post=4335"}],"version-history":[{"count":10,"href":"https:\/\/fotografismos.com\/fotobill\/index.php?rest_route=\/wp\/v2\/pages\/4335\/revisions"}],"predecessor-version":[{"id":121797,"href":"https:\/\/fotografismos.com\/fotobill\/index.php?rest_route=\/wp\/v2\/pages\/4335\/revisions\/121797"}],"up":[{"embeddable":true,"href":"https:\/\/fotografismos.com\/fotobill\/index.php?rest_route=\/wp\/v2\/pages\/4435"}],"wp:attachment":[{"href":"https:\/\/fotografismos.com\/fotobill\/index.php?rest_route=%2Fwp%2Fv2%2Fmedia&parent=4335"}],"curies":[{"name":"wp","href":"https:\/\/api.w.org\/{rel}","templated":true}]}}