{"id":12,"date":"2011-08-05T20:35:53","date_gmt":"2011-08-05T17:05:53","guid":{"rendered":"http:\/\/fotoggrafica.com\/fotobill\/?page_id=12"},"modified":"2023-05-22T17:06:41","modified_gmt":"2023-05-22T21:06:41","slug":"image-store","status":"publish","type":"page","link":"https:\/\/fotografismos.com\/fotobill\/?page_id=12","title":{"rendered":"FotoTienda Virtual"},"content":{"rendered":"<p style=\"text-align: center;\"><\/p>\n<p style=\"text-align: center;\"><strong>NO ingrese si no est\u00e1 autorizado, si requiere accesar alguna Galer\u00eda Privada, favor cont\u00e1ctenos para otorgarle\u00a0 la clave de acceso a sus fotos<br \/>\n<\/strong><\/p>\n<p style=\"text-align: center;\"><strong>\u00abNO INGRESE SI NO ESTA AUTORIZADO, \u00a0SITIO WEB PRIVADO\u00bb<\/strong><\/p>\n<h6 style=\"text-align: center;\">Los datos, textos, fotos y cualquier otra informaci\u00f3n contenidos en este sitio web de FotoGr\u00e1fica, se suministran exclusivamente a t\u00edtulo informativo y no son vinculantes para con nuestra empresa que puede realizar cambios de informaci\u00f3n en cualquier momento. Por ninguna raz\u00f3n, los datos, caracter\u00edsticas, descripciones, ofertas y cualquier otra informaci\u00f3n visual o de texto contenida en este sitio web pueden tener valor contractual. Todos los Derechos Reservados<\/h6>\n<h6 align=\"center\">Precios pueden variar sin previo aviso, esto, si las fotos no han sido canceladas previamente. Los precios son meramente referenciales hasta que no se concrete efectivamente su pago o dep\u00f3sito.<\/h6>\n<p>&nbsp;<\/p>\n","protected":false},"excerpt":{"rendered":"<p>NO ingrese si no est\u00e1 autorizado, si requiere accesar alguna Galer\u00eda Privada, favor cont\u00e1ctenos para otorgarle\u00a0 la clave de acceso a sus fotos \u00abNO INGRESE SI NO ESTA AUTORIZADO, \u00a0SITIO WEB PRIVADO\u00bb Los datos, textos, fotos y cualquier otra informaci\u00f3n &hellip; <a href=\"https:\/\/fotografismos.com\/fotobill\/?page_id=12\">Sigue leyendo <span class=\"meta-nav\">&rarr;<\/span><\/a><\/p>\n","protected":false},"author":4,"featured_media":0,"parent":0,"menu_order":0,"comment_status":"closed","ping_status":"closed","template":"","meta":{"footnotes":""},"class_list":["post-12","page","type-page","status-publish","hentry"],"_links":{"self":[{"href":"https:\/\/fotografismos.com\/fotobill\/index.php?rest_route=\/wp\/v2\/pages\/12","targetHints":{"allow":["GET"]}}],"collection":[{"href":"https:\/\/fotografismos.com\/fotobill\/index.php?rest_route=\/wp\/v2\/pages"}],"about":[{"href":"https:\/\/fotografismos.com\/fotobill\/index.php?rest_route=\/wp\/v2\/types\/page"}],"author":[{"embeddable":true,"href":"https:\/\/fotografismos.com\/fotobill\/index.php?rest_route=\/wp\/v2\/users\/4"}],"replies":[{"embeddable":true,"href":"https:\/\/fotografismos.com\/fotobill\/index.php?rest_route=%2Fwp%2Fv2%2Fcomments&post=12"}],"version-history":[{"count":35,"href":"https:\/\/fotografismos.com\/fotobill\/index.php?rest_route=\/wp\/v2\/pages\/12\/revisions"}],"predecessor-version":[{"id":126758,"href":"https:\/\/fotografismos.com\/fotobill\/index.php?rest_route=\/wp\/v2\/pages\/12\/revisions\/126758"}],"wp:attachment":[{"href":"https:\/\/fotografismos.com\/fotobill\/index.php?rest_route=%2Fwp%2Fv2%2Fmedia&parent=12"}],"curies":[{"name":"wp","href":"https:\/\/api.w.org\/{rel}","templated":true}]}}

<p style="text-align: center;"></p>
<p style="text-align: center;"><strong>NO ingrese si no está autorizado, si requiere accesar alguna Galería Privada, favor contáctenos para otorgarle  la clave de acceso a sus fotos<br />
</strong></p>
<p style="text-align: center;"><strong>«NO INGRESE SI NO ESTA AUTORIZADO,  SITIO WEB PRIVADO»</strong></p>
<h6 style="text-align: center;">Los datos, textos, fotos y cualquier otra información contenidos en este sitio web de FotoGráfica, se suministran exclusivamente a título informativo y no son vinculantes para con nuestra empresa que puede realizar cambios de información en cualquier momento. Por ninguna razón, los datos, características, descripciones, ofertas y cualquier otra información visual o de texto contenida en este sitio web pueden tener valor contractual. Todos los Derechos Reservados</h6>
<h6 align="center">Precios pueden variar sin previo aviso, esto, si las fotos no han sido canceladas previamente. Los precios son meramente referenciales hasta que no se concrete efectivamente su pago o depósito.</h6>
<p>&nbsp;</p>

<p>NO ingrese si no está autorizado, si requiere accesar alguna Galería Privada, favor contáctenos para otorgarle  la clave de acceso a sus fotos «NO INGRESE SI NO ESTA AUTORIZADO,  SITIO WEB PRIVADO» Los datos, textos, fotos y cualquier otra información &hellip; <a href="https://fotografismos.com/fotobill/?page_id=12">Sigue leyendo <span class="meta-nav">&rarr;</span></a></p>
