{"id":11,"date":"2011-08-05T20:35:53","date_gmt":"2011-08-05T17:05:53","guid":{"rendered":"http:\/\/fotoggrafica.com\/fotobill\/?page_id=11"},"modified":"2023-05-22T17:07:40","modified_gmt":"2023-05-22T21:07:40","slug":"secure-images","status":"publish","type":"page","link":"https:\/\/fotografismos.com\/fotobill\/?page_id=11","title":{"rendered":"Galer\u00edas Privadas"},"content":{"rendered":"\n<p style=\"text-align: center;\"><strong>NO ingrese si no est\u00e1 autorizado, si requiere accesar alguna Galer\u00eda Privada, favor cont\u00e1ctenos para otorgarle\u00a0 la clave de acceso a sus fotos<br \/>\n<\/strong><\/p>\n<p style=\"text-align: center;\"><strong>\u00abNO INGRESE SI NO ESTA AUTORIZADO, \u00a0SITIO WEB PRIVADO\u00bb<\/strong><\/p>\n<h6 style=\"text-align: center;\">Los datos, textos, fotos y cualquier otra informaci\u00f3n contenidos en este sitio web de FotoGr\u00e1fica, se suministran exclusivamente a t\u00edtulo informativo y no son vinculantes para con nuestra empresa que puede realizar cambios de informaci\u00f3n en cualquier momento. Por ninguna raz\u00f3n, los datos, caracter\u00edsticas, descripciones, ofertas y cualquier otra informaci\u00f3n visual o de texto contenida en este sitio web pueden tener valor contractual. Todos loa Derechos Reservados<\/h6>\n<h6 align=\"center\">Precios pueden variar sin previo aviso, esto, si las fotos no han sido canceladas previamente. Los precios son meramente referenciales hasta que no se concrete efectivamente su pago o dep\u00f3sito.<\/h6>\n","protected":false},"excerpt":{"rendered":"<p>NO ingrese si no est\u00e1 autorizado, si requiere accesar alguna Galer\u00eda Privada, favor cont\u00e1ctenos para otorgarle\u00a0 la clave de acceso a sus fotos \u00abNO INGRESE SI NO ESTA AUTORIZADO, \u00a0SITIO WEB PRIVADO\u00bb Los datos, textos, fotos y cualquier otra informaci\u00f3n &hellip; <a href=\"https:\/\/fotografismos.com\/fotobill\/?page_id=11\">Sigue leyendo <span class=\"meta-nav\">&rarr;<\/span><\/a><\/p>\n","protected":false},"author":4,"featured_media":0,"parent":0,"menu_order":2,"comment_status":"closed","ping_status":"closed","template":"","meta":{"footnotes":""},"class_list":["post-11","page","type-page","status-publish","hentry"],"_links":{"self":[{"href":"https:\/\/fotografismos.com\/fotobill\/index.php?rest_route=\/wp\/v2\/pages\/11","targetHints":{"allow":["GET"]}}],"collection":[{"href":"https:\/\/fotografismos.com\/fotobill\/index.php?rest_route=\/wp\/v2\/pages"}],"about":[{"href":"https:\/\/fotografismos.com\/fotobill\/index.php?rest_route=\/wp\/v2\/types\/page"}],"author":[{"embeddable":true,"href":"https:\/\/fotografismos.com\/fotobill\/index.php?rest_route=\/wp\/v2\/users\/4"}],"replies":[{"embeddable":true,"href":"https:\/\/fotografismos.com\/fotobill\/index.php?rest_route=%2Fwp%2Fv2%2Fcomments&post=11"}],"version-history":[{"count":11,"href":"https:\/\/fotografismos.com\/fotobill\/index.php?rest_route=\/wp\/v2\/pages\/11\/revisions"}],"predecessor-version":[{"id":126761,"href":"https:\/\/fotografismos.com\/fotobill\/index.php?rest_route=\/wp\/v2\/pages\/11\/revisions\/126761"}],"wp:attachment":[{"href":"https:\/\/fotografismos.com\/fotobill\/index.php?rest_route=%2Fwp%2Fv2%2Fmedia&parent=11"}],"curies":[{"name":"wp","href":"https:\/\/api.w.org\/{rel}","templated":true}]}}